ber?
False
Suppose -577040 = -5*o + 710205. Is o a composite number?
True
Suppose 5*u + m + 208 = -125, -3*m = -5*u - 321. Is 303998/34 + u/561 prime?
True
Suppose 5*w = -11 + 1, -5*w = q - 35659. Is q prime?
False
Let z be (-34)/(-187) - (-214267)/11. Suppose 0 = 5*f - r - 24354, 0 = -4*f + r + 4*r + z. Is f prime?
True
Is (((-16)/(-24))/(2/338397))/(14 - 13) prime?
True
Let s(l) be the third derivative of l**5/60 + l**4/24 - l**3/6 + 4*l**2. Let p(i) = 10*i**2 - 32*i - 9. Let d(w) = p(w) - 4*s(w). Is d(16) a composite number?
True
Let c(f) be the second derivative of 23*f**2 + 1/4*f**4 + 0 - 30*f + f**3. Is c(-15) a composite number?
False
Let s(w) = 5318*w + 401. Is s(12) prime?
True
Suppose 2*r = 3*r - 6. Is 487/(r/(-4 + 70)) prime?
False
Let w be (-2)/52*-4 - (-140378)/481. Let n = w + -165. Is n prime?
True
Let c(g) = 10 + 5*g + 8*g - 1 + 2*g**2 + g**3. Suppose -3*z + 4*u + 6 = -19, -z - 3*u = -4. Is c(z) a prime number?
True
Suppose 5*l = -4*n + 25, 0 = 3*l + 4*n + 4 - 27. Is l - 1 - (-151*29 - 2) a composite number?
True
Suppose -6*y + 5*r - 15 = -10*y, -3 = 5*y - r. Suppose 5*l - 3916 - 3669 = y. Is l prime?
False
Suppose 3*n - 2*n - k - 102243 = 0, -3*k = 4*n - 408965. Suppose -5*s + 2*x + n = 4*x, 5*x = -s + 20430. Suppose 4*j + 6702 = s. Is j composite?
True
Let m(r) be the second derivative of r**5/10 - 3*r**4/4 - 11*r**3/3 - 5*r**2/2 - 26*r - 1. Is m(16) prime?
True
Suppose -4*a + 218476 = 2*d + 2*d, 3*a - 5*d = 163841. Is a a composite number?
False
Suppose 0 = -3*u - 5*u. Suppose -2*k + 2*r = -6, u = -4*k - 3*r - 1 - 22. Is 79*(-1 + 2)*k/(-2) a prime number?
True
Let a(s) = -13*s - 6*s**3 + 24*s - 4*s**2 - 21*s - 3. Let z be a(-4). Let m = 278 + z. Is m a prime number?
False
Let c be 70/(-21)*9816/10. Let i = c + 7855. Is i a prime number?
True
Suppose -117*f - 1877624 = -173*f. Is f a composite number?
False
Suppose -12*p = -8*p. Suppose p = c - 0*c - 3. Suppose -3*l = -4*v - 2*l + 1640, 1219 = c*v + 2*l. Is v a composite number?
False
Let h = -50107 + 98306. Is h composite?
True
Let v(b) = -b**2 - 3*b - 3*b + 83 - 65. Let c be v(-8). Suppose -7*i + 9415 = -c*i. Is i prime?
False
Let b be (-1 + 0 + 0 - 2)*-31. Let x = -89 + b. Is (-228)/(-2) - x/(20/15) composite?
True
Let x = -63032 - -157939. Is x a composite number?
False
Suppose 4*x = 2*w + 28, -20 = -5*x + 2*w + 15. Let i(k) = 2*k**3 + k**2 - 8*k + 12. Let b be i(x). Suppose 347 + b = 3*q. Is q a composite number?
True
Is (-778)/(-3)*(-4437)/(-102) a composite number?
True
Suppose 2*j = -3*y + 22706, 0 = -4*y + 2*j - 6409 + 36707. Suppose -6*f + y = -2*f. Is f*4*3/36 prime?
True
Let t(k) = k**3 - 2*k**2 - k - 18. Suppose 2*p + 13 = 7, p + 33 = 5*o. Let r be t(o). Let w = 941 + r. Is w composite?
False
Let j(f) = -11137*f + 4619. Is j(-18) prime?
False
Let n(u) = u**2 + 3*u - 37. Let a be n(5). Is (-1018)/(-2)*(1 + 0)*a composite?
True
Let w(n) = 809*n**2 - 22*n - 122. Is w(-7) a prime number?
False
Suppose p - 4*p + 4*x + 80353 = 0, 5*p - x - 133899 = 0. Suppose 8*f - p - 7037 = 0. Suppose -f = -3*g - 0*g. Is g a composite number?
False
Suppose -3*o + 49816 = 4*u, -4*u = -4*o - 0*o - 49788. Suppose 5*r - 2*a - 32545 = 0, 2*r - u = a + 566. Is r composite?
True
Let d be 1 - -2*26/4. Suppose -510 = -11*g + d*g. Is (g/40)/(2/(-296)) a prime number?
False
Suppose 71*r + 46 = 46. Let j(h) = h**3 + 6*h**2 + 6*h + 5. Let l be j(-5). Suppose l = -5*c + 25, r = -b - 4*b + 3*c + 875. Is b composite?
True
Let j = 716 - 713. Let p(b) = 168*b + 1. Is p(j) prime?
False
Suppose -5*p = -2*t - 116800, -p - 3*t + 7227 = -16133. Suppose -8*x + p = -63048. Is x a prime number?
False
Let t = -100320 - -142961. Is t a prime number?
True
Is 9/(-6)*(7 + (-262254)/6) composite?
True
Let i = 64 + -62. Suppose -3*y + 3*u + 8582 = -i*y, 0 = 4*y - 3*u - 34364. Suppose -4*h + y = -2*v, 1470 = 3*h + 2*v - 4979. Is h a composite number?
True
Let q = 314 - 308. Is ((-63762)/(-180)*q)/(1/5) composite?
False
Let n = -10 - -12. Suppose n*g - 340 - 580 = -2*a, 0 = -4*a + 8. Let m = 1495 - g. Is m composite?
True
Let z = -99 + 1045. Let n(m) = 14*m**2 - 334*m - 35. Let y be n(24). Suppose 15*c - z = y*c. Is c composite?
True
Let v be (826/21 - 8) + 2/(-6). Suppose v*c = 38*c + 343. Let r = 486 - c. Is r a prime number?
False
Let u(r) = 123958*r - 83. Is u(4) composite?
False
Suppose -v + 1672 = 3*v + 3*b, 0 = v - 4*b - 418. Let u = v - 71. Is u composite?
False
Let h(c) = c + 1. Let v be h(1). Suppose 4549 = -7*m - 2626. Is v/(-3 - m/341) a prime number?
False
Let u = -560 + 1146. Suppose 0 = 4*o + 2*o + 2262. Let w = u + o. Is w a composite number?
True
Let r be 3/12 + (-19)/(-4). Suppose -r*a + 4*a + 26 = 0. Is 67/(-2)*(24 - a) a prime number?
True
Suppose -5*o - q = -5*q - 92, -3*q = 5*o - 71. Is ((-10)/15)/((o/(-8826))/4) a prime number?
True
Suppose -1553*r + 5322849 = -1532*r. Is r a prime number?
True
Let f(i) = -i**2 - 13*i + 5. Let b be f(-13). Let d(c) be the second derivative of c**5/10 - 5*c**4/12 + c**3/3 + 2*c**2 + 6*c. Is d(b) prime?
True
Let d = -16512 + 24329. Is d prime?
True
Let j(l) = 1412*l + 799. Is j(11) prime?
False
Let z be (-1)/(-7)*(-33 - -27)*-56. Suppose -z*s = 5*s - 837877. Is s composite?
False
Suppose 4*j + 5*b - 41572 = 0, 1855 + 8527 = j + 4*b. Is (j/(-9))/((-11)/33) a prime number?
False
Let d = -945745 + 1630560. Is d a prime number?
False
Suppose -111709 = -23*q - 10049. Is q + 5 + 32/(-8) a composite number?
False
Let m = 195 + -59. Let w = -130 + m. Is w composite?
True
Suppose 16*f - 103728 = 10*f. Suppose 2*w = -6*w - f. Let s = -1080 - w. Is s composite?
True
Let t be (-10)/(-30) + (-570)/9. Is (-1*21)/(t/609) composite?
True
Let n(u) = -8*u**2 - u + 32. Let v be n(-5). Let h = v + 308. Is h prime?
False
Is (77642/(-10))/(5/(-3) + (-1078)/(-735)) a prime number?
True
Suppose -7*q + 6 + 8 = 0. Suppose -l + 10 = -3*l + f, 5 = -l - q*f. Is 1*(-415)/25*l composite?
False
Is 3640604/132 + ((-32)/6)/(-8) a composite number?
False
Let t(c) = -6*c + 11. Let u be t(2). Let l be (-22)/(-18) + u + (-264)/(-27). Suppose -7*a + 2*a + l = 0, -3*a - 1358 = -4*z. Is z a composite number?
True
Let m = -98275 + 137716. Is m composite?
True
Let y(g) = -151*g + 50441. Is y(0) prime?
True
Let y = -96887 + 234270. Is y a composite number?
False
Suppose 13*r - 3*p = 88948, 0 = -4*r - r + p + 34210. Is r a prime number?
True
Let b be 4 - (-8487 + 8) - -7. Let o = b + -2405. Is o prime?
False
Let x = 161 + 1655. Suppose l + 1362 = 3*q, 21*q = 25*q + 4*l - x. Is q a prime number?
False
Let c be 50/13 + -1 + 15/13. Suppose 61896 = c*o + 4*o. Suppose 158*w - o = 155*w. Is w prime?
True
Let h be (-1 + 0)*(-5 + (4 - 0)). Let i be (-239*h)/((-13)/208). Let v = i - 1941. Is v composite?
True
Suppose -4*a + a = -2*w + 103177, -51602 = -w - 3*a. Is w a prime number?
True
Is 0 - (1123470/(-8) + (10/(-8) - 0)) a composite number?
True
Is 247528/40*3*5 a prime number?
False
Suppose -4*s = -5*a + 23069, -4*s = 115 - 91. Is a a prime number?
False
Suppose 8 = -0*w + 4*w. Suppose -w*p + 6 = p. Let y(j) = 43*j + 3. Is y(p) prime?
True
Suppose 3*y - 2*r = -4615, 2*y = -0*y - 3*r - 3094. Let k = 5362 + y. Is k prime?
True
Let b(g) = -g**3 - g**2 + g - 1. Let t(q) = -34*q**3 + 3*q**2 + 15*q + 9. Let k(z) = -b(z) - t(z). Is k(5) a prime number?
False
Let c(h) = -10*h + 6054. Let i be c(0). Is (4 + -5)/((-2)/i) composite?
True
Let h(m) = m + 44. Let t be h(-44). Let k(x) = 63 - 20 - x**2 - 5*x + 264 + 19. Is k(t) prime?
False
Let h = -261692 - -370273. Is h a prime number?
False
Let n = -21 - -26. Suppose -1839 - 1083 = -4*u + o, n*o + 3645 = 5*u. Let s = -480 + u. Is s composite?
False
Let m = 5996 - -16905. Is m a prime number?
True
Let v = -10130 - -18460. Let k = 4479 + v. Is k composite?
False
Let f be -16 - -22 - (-1*3 - -2). Suppose 0 = 2*t + 4*v - 2814, -f*t + 2*v = -3*t - 5588. Is t composite?
False
Suppose 0 = -4*n - 3*p + 976496, -3*n + 233438 + 498917 = -2*p. Is n a composite number?
False
Suppose -5*g = 2*a - 628897, a - 56867 = 8*g - 1063077. Is g composite?
False
Let i(w) = -w**3 + 9*w**2 + w + 7. Let n(z) = -z**2. Let g(c) = -i(c) - 4*n(c). Let t be g(5). Is (-1)/(7/(-1754)) - t/28 a composite number?
False
Is (-8)/(-28) + -13 + 67441450/175 prime?
False
Suppose 214776 = 4*c - 2*i, 4*c + 2*i 